{"id":584,"date":"2023-06-02T12:11:13","date_gmt":"2023-06-02T12:11:13","guid":{"rendered":"http:\/\/escuderiagranada49-9.com\/?page_id=584"},"modified":"2023-06-12T11:28:25","modified_gmt":"2023-06-12T11:28:25","slug":"ralley-primeras-nieves","status":"publish","type":"page","link":"https:\/\/escuderiagranada49-9.com\/ralley-primeras-nieves\/","title":{"rendered":"RALLEY PRIMERAS NIEVES"},"content":{"rendered":"\t\t<div data-elementor-type=\"wp-page\" data-elementor-id=\"584\" class=\"elementor elementor-584\">\n\t\t\t\t\t\t<section class=\"elementor-section elementor-top-section elementor-element elementor-element-2a455c4 elementor-section-boxed elementor-section-height-default elementor-section-height-default\" data-id=\"2a455c4\" data-element_type=\"section\" data-settings=\"{&quot;background_background&quot;:&quot;classic&quot;}\">\n\t\t\t\t\t\t\t<div class=\"elementor-background-overlay\"><\/div>\n\t\t\t\t\t\t\t<div class=\"elementor-container elementor-column-gap-no\">\n\t\t\t\t\t<div class=\"elementor-column elementor-col-100 elementor-top-column elementor-element elementor-element-c8c40aa\" data-id=\"c8c40aa\" data-element_type=\"column\">\n\t\t\t<div class=\"elementor-widget-wrap elementor-element-populated\">\n\t\t\t\t\t\t<div class=\"elementor-element elementor-element-4acfc82 elementor-widget elementor-widget-image\" data-id=\"4acfc82\" data-element_type=\"widget\" data-widget_type=\"image.default\">\n\t\t\t\t<div class=\"elementor-widget-container\">\n\t\t\t\t\t\t\t\t\t\t\t\t\t\t\t<img decoding=\"async\" width=\"462\" height=\"80\" src=\"https:\/\/escuderiagranada49-9.com\/wp-content\/uploads\/2023\/05\/logo-club-escuderia-con-letras-2-1.png\" class=\"attachment-large size-large wp-image-539\" alt=\"\" srcset=\"https:\/\/escuderiagranada49-9.com\/wp-content\/uploads\/2023\/05\/logo-club-escuderia-con-letras-2-1.png 462w, https:\/\/escuderiagranada49-9.com\/wp-content\/uploads\/2023\/05\/logo-club-escuderia-con-letras-2-1-300x52.png 300w\" sizes=\"(max-width: 462px) 100vw, 462px\" \/>\t\t\t\t\t\t\t\t\t\t\t\t\t\t\t<\/div>\n\t\t\t\t<\/div>\n\t\t\t\t<div class=\"elementor-element elementor-element-99bdb4a elementor-widget elementor-widget-heading\" data-id=\"99bdb4a\" data-element_type=\"widget\" data-widget_type=\"heading.default\">\n\t\t\t\t<div class=\"elementor-widget-container\">\n\t\t\t\t\t<h1 class=\"elementor-heading-title elementor-size-default\">Ralley primeras nieves<\/h1>\t\t\t\t<\/div>\n\t\t\t\t<\/div>\n\t\t\t\t\t<\/div>\n\t\t<\/div>\n\t\t\t\t\t<\/div>\n\t\t<\/section>\n\t\t\t\t<section class=\"elementor-section elementor-top-section elementor-element elementor-element-8f6446e elementor-section-boxed elementor-section-height-default elementor-section-height-default\" data-id=\"8f6446e\" data-element_type=\"section\" data-settings=\"{&quot;background_background&quot;:&quot;classic&quot;}\">\n\t\t\t\t\t\t<div class=\"elementor-container elementor-column-gap-no\">\n\t\t\t\t\t<div class=\"elementor-column elementor-col-100 elementor-top-column elementor-element elementor-element-7669b2a\" data-id=\"7669b2a\" data-element_type=\"column\">\n\t\t\t<div class=\"elementor-widget-wrap elementor-element-populated\">\n\t\t\t\t\t\t<div class=\"elementor-element elementor-element-f4f52be elementor-widget elementor-widget-heading\" data-id=\"f4f52be\" data-element_type=\"widget\" data-widget_type=\"heading.default\">\n\t\t\t\t<div class=\"elementor-widget-container\">\n\t\t\t\t\t<h3 class=\"elementor-heading-title elementor-size-default\">RALLEY PRIMERAS NIEVES<\/h3>\t\t\t\t<\/div>\n\t\t\t\t<\/div>\n\t\t\t\t\t<\/div>\n\t\t<\/div>\n\t\t\t\t\t<\/div>\n\t\t<\/section>\n\t\t\t\t<section class=\"elementor-section elementor-top-section elementor-element elementor-element-b9fee1d elementor-section-full_width elementor-section-height-default elementor-section-height-default\" data-id=\"b9fee1d\" data-element_type=\"section\">\n\t\t\t\t\t\t<div class=\"elementor-container elementor-column-gap-no\">\n\t\t\t\t\t<div class=\"elementor-column elementor-col-25 elementor-top-column elementor-element elementor-element-10b68ed\" data-id=\"10b68ed\" data-element_type=\"column\" data-settings=\"{&quot;background_background&quot;:&quot;classic&quot;}\">\n\t\t\t<div class=\"elementor-widget-wrap elementor-element-populated\">\n\t\t\t\t\t<div class=\"elementor-background-overlay\"><\/div>\n\t\t\t\t\t\t<div class=\"elementor-element elementor-element-48bfe3c elementor-widget elementor-widget-icon-box\" data-id=\"48bfe3c\" data-element_type=\"widget\" data-widget_type=\"icon-box.default\">\n\t\t\t\t<div class=\"elementor-widget-container\">\n\t\t\t\t\t\t\t<div class=\"elementor-icon-box-wrapper\">\n\n\t\t\t\n\t\t\t\t\t\t<div class=\"elementor-icon-box-content\">\n\n\t\t\t\t\t\t\t\t\t<h4 class=\"elementor-icon-box-title\">\n\t\t\t\t\t\t<span  >\n\t\t\t\t\t\t\tPrimer puesto para Castor Ortega en Guadalest\u200b\t\t\t\t\t\t<\/span>\n\t\t\t\t\t<\/h4>\n\t\t\t\t\n\t\t\t\t\n\t\t\t<\/div>\n\t\t\t\n\t\t<\/div>\n\t\t\t\t\t\t<\/div>\n\t\t\t\t<\/div>\n\t\t\t\t\t<\/div>\n\t\t<\/div>\n\t\t\t\t<div class=\"elementor-column elementor-col-25 elementor-top-column elementor-element elementor-element-2907dae\" data-id=\"2907dae\" data-element_type=\"column\" data-settings=\"{&quot;background_background&quot;:&quot;classic&quot;}\">\n\t\t\t<div class=\"elementor-widget-wrap elementor-element-populated\">\n\t\t\t\t\t<div class=\"elementor-background-overlay\"><\/div>\n\t\t\t\t\t\t<div class=\"elementor-element elementor-element-01618cc elementor-widget elementor-widget-icon-box\" data-id=\"01618cc\" data-element_type=\"widget\" data-widget_type=\"icon-box.default\">\n\t\t\t\t<div class=\"elementor-widget-container\">\n\t\t\t\t\t\t\t<div class=\"elementor-icon-box-wrapper\">\n\n\t\t\t\n\t\t\t\t\t\t<div class=\"elementor-icon-box-content\">\n\n\t\t\t\t\t\t\t\t\t<h4 class=\"elementor-icon-box-title\">\n\t\t\t\t\t\t<span  >\n\t\t\t\t\t\t\tNuevo triunfo de nuestro piloto Castor Ortega y su espectacular Ford Escort\t\t\t\t\t\t<\/span>\n\t\t\t\t\t<\/h4>\n\t\t\t\t\n\t\t\t\t\n\t\t\t<\/div>\n\t\t\t\n\t\t<\/div>\n\t\t\t\t\t\t<\/div>\n\t\t\t\t<\/div>\n\t\t\t\t\t<\/div>\n\t\t<\/div>\n\t\t\t\t<div class=\"elementor-column elementor-col-25 elementor-top-column elementor-element elementor-element-9cd6a96\" data-id=\"9cd6a96\" data-element_type=\"column\" data-settings=\"{&quot;background_background&quot;:&quot;classic&quot;}\">\n\t\t\t<div class=\"elementor-widget-wrap elementor-element-populated\">\n\t\t\t\t\t<div class=\"elementor-background-overlay\"><\/div>\n\t\t\t\t\t\t<div class=\"elementor-element elementor-element-0c8a852 elementor-widget elementor-widget-icon-box\" data-id=\"0c8a852\" data-element_type=\"widget\" data-widget_type=\"icon-box.default\">\n\t\t\t\t<div class=\"elementor-widget-container\">\n\t\t\t\t\t\t\t<div class=\"elementor-icon-box-wrapper\">\n\n\t\t\t\n\t\t\t\t\t\t<div class=\"elementor-icon-box-content\">\n\n\t\t\t\t\t\t\t\t\t<h4 class=\"elementor-icon-box-title\">\n\t\t\t\t\t\t<span  >\n\t\t\t\t\t\t\t4 puestos de podio en la Subida a Lanjar\u00f3n\u200b\t\t\t\t\t\t<\/span>\n\t\t\t\t\t<\/h4>\n\t\t\t\t\n\t\t\t\t\n\t\t\t<\/div>\n\t\t\t\n\t\t<\/div>\n\t\t\t\t\t\t<\/div>\n\t\t\t\t<\/div>\n\t\t\t\t\t<\/div>\n\t\t<\/div>\n\t\t\t\t<div class=\"elementor-column elementor-col-25 elementor-top-column elementor-element elementor-element-b7e2684\" data-id=\"b7e2684\" data-element_type=\"column\" data-settings=\"{&quot;background_background&quot;:&quot;classic&quot;}\">\n\t\t\t<div class=\"elementor-widget-wrap elementor-element-populated\">\n\t\t\t\t\t<div class=\"elementor-background-overlay\"><\/div>\n\t\t\t\t\t\t<div class=\"elementor-element elementor-element-fe87a28 elementor-widget elementor-widget-icon-box\" data-id=\"fe87a28\" data-element_type=\"widget\" data-widget_type=\"icon-box.default\">\n\t\t\t\t<div class=\"elementor-widget-container\">\n\t\t\t\t\t\t\t<div class=\"elementor-icon-box-wrapper\">\n\n\t\t\t\n\t\t\t\t\t\t<div class=\"elementor-icon-box-content\">\n\n\t\t\t\t\t\t\t\t\t<h4 class=\"elementor-icon-box-title\">\n\t\t\t\t\t\t<span  >\n\t\t\t\t\t\t\tResumen Rallye Ciudad de Jerez\t\t\t\t\t\t<\/span>\n\t\t\t\t\t<\/h4>\n\t\t\t\t\n\t\t\t\t\n\t\t\t<\/div>\n\t\t\t\n\t\t<\/div>\n\t\t\t\t\t\t<\/div>\n\t\t\t\t<\/div>\n\t\t\t\t\t<\/div>\n\t\t<\/div>\n\t\t\t\t\t<\/div>\n\t\t<\/section>\n\t\t\t\t<section class=\"elementor-section elementor-top-section elementor-element elementor-element-591cd7e elementor-section-full_width elementor-section-height-default elementor-section-height-default\" data-id=\"591cd7e\" data-element_type=\"section\" data-settings=\"{&quot;background_background&quot;:&quot;classic&quot;}\">\n\t\t\t\t\t\t<div class=\"elementor-container elementor-column-gap-no\">\n\t\t\t\t\t<div class=\"elementor-column elementor-col-25 elementor-top-column elementor-element elementor-element-eb7115c\" data-id=\"eb7115c\" data-element_type=\"column\" data-settings=\"{&quot;background_background&quot;:&quot;classic&quot;}\">\n\t\t\t<div class=\"elementor-widget-wrap elementor-element-populated\">\n\t\t\t\t\t<div class=\"elementor-background-overlay\"><\/div>\n\t\t\t\t\t\t<div class=\"elementor-element elementor-element-c28e94e elementor-widget elementor-widget-icon-box\" data-id=\"c28e94e\" data-element_type=\"widget\" data-widget_type=\"icon-box.default\">\n\t\t\t\t<div class=\"elementor-widget-container\">\n\t\t\t\t\t\t\t<div class=\"elementor-icon-box-wrapper\">\n\n\t\t\t\n\t\t\t\t\t\t<div class=\"elementor-icon-box-content\">\n\n\t\t\t\t\t\t\t\t\t<h4 class=\"elementor-icon-box-title\">\n\t\t\t\t\t\t<span  >\n\t\t\t\t\t\t\tBroche de oro para la Escuder\u00eda Granada 49.9 en Noalejo\t\t\t\t\t\t<\/span>\n\t\t\t\t\t<\/h4>\n\t\t\t\t\n\t\t\t\t\n\t\t\t<\/div>\n\t\t\t\n\t\t<\/div>\n\t\t\t\t\t\t<\/div>\n\t\t\t\t<\/div>\n\t\t\t\t\t<\/div>\n\t\t<\/div>\n\t\t\t\t<div class=\"elementor-column elementor-col-25 elementor-top-column elementor-element elementor-element-7fd8a2a\" data-id=\"7fd8a2a\" data-element_type=\"column\" data-settings=\"{&quot;background_background&quot;:&quot;classic&quot;}\">\n\t\t\t<div class=\"elementor-widget-wrap elementor-element-populated\">\n\t\t\t\t\t<div class=\"elementor-background-overlay\"><\/div>\n\t\t\t\t\t\t<div class=\"elementor-element elementor-element-82c8fa7 elementor-widget elementor-widget-icon-box\" data-id=\"82c8fa7\" data-element_type=\"widget\" data-widget_type=\"icon-box.default\">\n\t\t\t\t<div class=\"elementor-widget-container\">\n\t\t\t\t\t\t\t<div class=\"elementor-icon-box-wrapper\">\n\n\t\t\t\n\t\t\t\t\t\t<div class=\"elementor-icon-box-content\">\n\n\t\t\t\t\t\t\t\t\t<h4 class=\"elementor-icon-box-title\">\n\t\t\t\t\t\t<span  >\n\t\t\t\t\t\t\tNUEVO R\u00c9CORD DE JANSSENS EN NOALEJO\u200b\t\t\t\t\t\t<\/span>\n\t\t\t\t\t<\/h4>\n\t\t\t\t\n\t\t\t\t\n\t\t\t<\/div>\n\t\t\t\n\t\t<\/div>\n\t\t\t\t\t\t<\/div>\n\t\t\t\t<\/div>\n\t\t\t\t\t<\/div>\n\t\t<\/div>\n\t\t\t\t<div class=\"elementor-column elementor-col-25 elementor-top-column elementor-element elementor-element-fdde820\" data-id=\"fdde820\" data-element_type=\"column\" data-settings=\"{&quot;background_background&quot;:&quot;classic&quot;}\">\n\t\t\t<div class=\"elementor-widget-wrap elementor-element-populated\">\n\t\t\t\t\t<div class=\"elementor-background-overlay\"><\/div>\n\t\t\t\t\t\t<div class=\"elementor-element elementor-element-9aec93c elementor-widget elementor-widget-icon-box\" data-id=\"9aec93c\" data-element_type=\"widget\" data-widget_type=\"icon-box.default\">\n\t\t\t\t<div class=\"elementor-widget-container\">\n\t\t\t\t\t\t\t<div class=\"elementor-icon-box-wrapper\">\n\n\t\t\t\n\t\t\t\t\t\t<div class=\"elementor-icon-box-content\">\n\n\t\t\t\t\t\t\t\t\t<h4 class=\"elementor-icon-box-title\">\n\t\t\t\t\t\t<span  >\n\t\t\t\t\t\t\tConcurso \u201cdise\u00f1a el Cartel del Rallye\u201d\u200b\t\t\t\t\t\t<\/span>\n\t\t\t\t\t<\/h4>\n\t\t\t\t\n\t\t\t\t\n\t\t\t<\/div>\n\t\t\t\n\t\t<\/div>\n\t\t\t\t\t\t<\/div>\n\t\t\t\t<\/div>\n\t\t\t\t\t<\/div>\n\t\t<\/div>\n\t\t\t\t<div class=\"elementor-column elementor-col-25 elementor-top-column elementor-element elementor-element-e4949d0\" data-id=\"e4949d0\" data-element_type=\"column\" data-settings=\"{&quot;background_background&quot;:&quot;classic&quot;}\">\n\t\t\t<div class=\"elementor-widget-wrap elementor-element-populated\">\n\t\t\t\t\t<div class=\"elementor-background-overlay\"><\/div>\n\t\t\t\t\t\t<div class=\"elementor-element elementor-element-c3abfb7 elementor-widget elementor-widget-icon-box\" data-id=\"c3abfb7\" data-element_type=\"widget\" data-widget_type=\"icon-box.default\">\n\t\t\t\t<div class=\"elementor-widget-container\">\n\t\t\t\t\t\t\t<div class=\"elementor-icon-box-wrapper\">\n\n\t\t\t\n\t\t\t\t\t\t<div class=\"elementor-icon-box-content\">\n\n\t\t\t\t\t\t\t\t\t<h4 class=\"elementor-icon-box-title\">\n\t\t\t\t\t\t<span  >\n\t\t\t\t\t\t\tEnhorabuena Nani Roma y \u00c1lex Haro\t\t\t\t\t\t<\/span>\n\t\t\t\t\t<\/h4>\n\t\t\t\t\n\t\t\t\t\n\t\t\t<\/div>\n\t\t\t\n\t\t<\/div>\n\t\t\t\t\t\t<\/div>\n\t\t\t\t<\/div>\n\t\t\t\t\t<\/div>\n\t\t<\/div>\n\t\t\t\t\t<\/div>\n\t\t<\/section>\n\t\t\t\t<\/div>\n\t\t","protected":false},"excerpt":{"rendered":"<p>Ralley primeras nieves RALLEY PRIMERAS NIEVES Primer puesto para Castor Ortega en Guadalest\u200b Nuevo triunfo de nuestro piloto Castor Ortega y su espectacular Ford Escort 4 puestos de podio en la Subida a Lanjar\u00f3n\u200b Resumen Rallye Ciudad de Jerez Broche de oro para la Escuder\u00eda Granada 49.9 en Noalejo NUEVO R\u00c9CORD DE JANSSENS EN NOALEJO\u200b [&hellip;]<\/p>\n","protected":false},"author":2,"featured_media":0,"parent":0,"menu_order":0,"comment_status":"closed","ping_status":"closed","template":"","meta":{"site-sidebar-layout":"no-sidebar","site-content-layout":"page-builder","ast-site-content-layout":"default","site-content-style":"default","site-sidebar-style":"default","ast-global-header-display":"","ast-banner-title-visibility":"","ast-main-header-display":"","ast-hfb-above-header-display":"","ast-hfb-below-header-display":"","ast-hfb-mobile-header-display":"","site-post-title":"disabled","ast-breadcrumbs-content":"disabled","ast-featured-img":"disabled","footer-sml-layout":"","ast-disable-related-posts":"","theme-transparent-header-meta":"enabled","adv-header-id-meta":"","stick-header-meta":"","header-above-stick-meta":"","header-main-stick-meta":"","header-below-stick-meta":"","astra-migrate-meta-layouts":"default","ast-page-background-enabled":"default","ast-page-background-meta":{"desktop":{"background-color":"var(--ast-global-color-4)","background-image":"","background-repeat":"repeat","background-position":"center center","background-size":"auto","background-attachment":"scroll","background-type":"","background-media":"","overlay-type":"","overlay-color":"","overlay-opacity":"","overlay-gradient":""},"tablet":{"background-color":"","background-image":"","background-repeat":"repeat","background-position":"center center","background-size":"auto","background-attachment":"scroll","background-type":"","background-media":"","overlay-type":"","overlay-color":"","overlay-opacity":"","overlay-gradient":""},"mobile":{"background-color":"","background-image":"","background-repeat":"repeat","background-position":"center center","background-size":"auto","background-attachment":"scroll","background-type":"","background-media":"","overlay-type":"","overlay-color":"","overlay-opacity":"","overlay-gradient":""}},"ast-content-background-meta":{"desktop":{"background-color":"var(--ast-global-color-5)","background-image":"","background-repeat":"repeat","background-position":"center center","background-size":"auto","background-attachment":"scroll","background-type":"","background-media":"","overlay-type":"","overlay-color":"","overlay-opacity":"","overlay-gradient":""},"tablet":{"background-color":"var(--ast-global-color-5)","background-image":"","background-repeat":"repeat","background-position":"center center","background-size":"auto","background-attachment":"scroll","background-type":"","background-media":"","overlay-type":"","overlay-color":"","overlay-opacity":"","overlay-gradient":""},"mobile":{"background-color":"var(--ast-global-color-5)","background-image":"","background-repeat":"repeat","background-position":"center center","background-size":"auto","background-attachment":"scroll","background-type":"","background-media":"","overlay-type":"","overlay-color":"","overlay-opacity":"","overlay-gradient":""}},"footnotes":""},"class_list":["post-584","page","type-page","status-publish","hentry"],"yoast_head":"<!-- This site is optimized with the Yoast SEO plugin v26.4 - https:\/\/yoast.com\/wordpress\/plugins\/seo\/ -->\n<title>RALLEY PRIMERAS NIEVES - EscuderiaGranada49.9<\/title>\n<meta name=\"description\" content=\"EscuderiaGranada49.9 - RALLEY PRIMERAS NIEVES - Conoce m\u00e1s sobre nuestro Ralley primeras nieves donde podr\u00e1s informarte m\u00e1s al respecto.\" \/>\n<meta name=\"robots\" content=\"index, follow, max-snippet:-1, max-image-preview:large, max-video-preview:-1\" \/>\n<link rel=\"canonical\" href=\"https:\/\/escuderiagranada49-9.com\/ralley-primeras-nieves\/\" \/>\n<meta property=\"og:locale\" content=\"es_ES\" \/>\n<meta property=\"og:type\" content=\"article\" \/>\n<meta property=\"og:title\" content=\"RALLEY PRIMERAS NIEVES - EscuderiaGranada49.9\" \/>\n<meta property=\"og:description\" content=\"EscuderiaGranada49.9 - RALLEY PRIMERAS NIEVES - Conoce m\u00e1s sobre nuestro Ralley primeras nieves donde podr\u00e1s informarte m\u00e1s al respecto.\" \/>\n<meta property=\"og:url\" content=\"https:\/\/escuderiagranada49-9.com\/ralley-primeras-nieves\/\" \/>\n<meta property=\"og:site_name\" content=\"EscuderiaGranada49.9\" \/>\n<meta property=\"article:publisher\" content=\"https:\/\/www.facebook.com\/escuderiagranada49.9\/?locale=es_ES\" \/>\n<meta property=\"article:modified_time\" content=\"2023-06-12T11:28:25+00:00\" \/>\n<meta property=\"og:image\" content=\"http:\/\/escuderiagranada49-9.com\/wp-content\/uploads\/2023\/05\/logo-club-escuderia-con-letras-2-1.png\" \/>\n<meta name=\"twitter:card\" content=\"summary_large_image\" \/>\n<meta name=\"twitter:site\" content=\"@EscGranada499\" \/>\n<meta name=\"twitter:label1\" content=\"Tiempo de lectura\" \/>\n\t<meta name=\"twitter:data1\" content=\"1 minuto\" \/>\n<script type=\"application\/ld+json\" class=\"yoast-schema-graph\">{\"@context\":\"https:\/\/schema.org\",\"@graph\":[{\"@type\":\"WebPage\",\"@id\":\"https:\/\/escuderiagranada49-9.com\/ralley-primeras-nieves\/\",\"url\":\"https:\/\/escuderiagranada49-9.com\/ralley-primeras-nieves\/\",\"name\":\"RALLEY PRIMERAS NIEVES - EscuderiaGranada49.9\",\"isPartOf\":{\"@id\":\"https:\/\/escuderiagranada49-9.com\/#website\"},\"primaryImageOfPage\":{\"@id\":\"https:\/\/escuderiagranada49-9.com\/ralley-primeras-nieves\/#primaryimage\"},\"image\":{\"@id\":\"https:\/\/escuderiagranada49-9.com\/ralley-primeras-nieves\/#primaryimage\"},\"thumbnailUrl\":\"http:\/\/escuderiagranada49-9.com\/wp-content\/uploads\/2023\/05\/logo-club-escuderia-con-letras-2-1.png\",\"datePublished\":\"2023-06-02T12:11:13+00:00\",\"dateModified\":\"2023-06-12T11:28:25+00:00\",\"description\":\"EscuderiaGranada49.9 - RALLEY PRIMERAS NIEVES - Conoce m\u00e1s sobre nuestro Ralley primeras nieves donde podr\u00e1s informarte m\u00e1s al respecto.\",\"breadcrumb\":{\"@id\":\"https:\/\/escuderiagranada49-9.com\/ralley-primeras-nieves\/#breadcrumb\"},\"inLanguage\":\"es\",\"potentialAction\":[{\"@type\":\"ReadAction\",\"target\":[\"https:\/\/escuderiagranada49-9.com\/ralley-primeras-nieves\/\"]}]},{\"@type\":\"ImageObject\",\"inLanguage\":\"es\",\"@id\":\"https:\/\/escuderiagranada49-9.com\/ralley-primeras-nieves\/#primaryimage\",\"url\":\"https:\/\/escuderiagranada49-9.com\/wp-content\/uploads\/2023\/05\/logo-club-escuderia-con-letras-2-1.png\",\"contentUrl\":\"https:\/\/escuderiagranada49-9.com\/wp-content\/uploads\/2023\/05\/logo-club-escuderia-con-letras-2-1.png\",\"width\":462,\"height\":80},{\"@type\":\"BreadcrumbList\",\"@id\":\"https:\/\/escuderiagranada49-9.com\/ralley-primeras-nieves\/#breadcrumb\",\"itemListElement\":[{\"@type\":\"ListItem\",\"position\":1,\"name\":\"Portada\",\"item\":\"https:\/\/escuderiagranada49-9.com\/\"},{\"@type\":\"ListItem\",\"position\":2,\"name\":\"RALLEY PRIMERAS NIEVES\"}]},{\"@type\":\"WebSite\",\"@id\":\"https:\/\/escuderiagranada49-9.com\/#website\",\"url\":\"https:\/\/escuderiagranada49-9.com\/\",\"name\":\"EscuderiaGranada49.9\",\"description\":\"EscuderiaGranada49.9\",\"publisher\":{\"@id\":\"https:\/\/escuderiagranada49-9.com\/#organization\"},\"potentialAction\":[{\"@type\":\"SearchAction\",\"target\":{\"@type\":\"EntryPoint\",\"urlTemplate\":\"https:\/\/escuderiagranada49-9.com\/?s={search_term_string}\"},\"query-input\":{\"@type\":\"PropertyValueSpecification\",\"valueRequired\":true,\"valueName\":\"search_term_string\"}}],\"inLanguage\":\"es\"},{\"@type\":\"Organization\",\"@id\":\"https:\/\/escuderiagranada49-9.com\/#organization\",\"name\":\"EscuderiaGranada49.9\",\"url\":\"https:\/\/escuderiagranada49-9.com\/\",\"logo\":{\"@type\":\"ImageObject\",\"inLanguage\":\"es\",\"@id\":\"https:\/\/escuderiagranada49-9.com\/#\/schema\/logo\/image\/\",\"url\":\"https:\/\/escuderiagranada49-9.com\/wp-content\/uploads\/2024\/09\/LOGO-ESCUDERIA.png\",\"contentUrl\":\"https:\/\/escuderiagranada49-9.com\/wp-content\/uploads\/2024\/09\/LOGO-ESCUDERIA.png\",\"width\":496,\"height\":117,\"caption\":\"EscuderiaGranada49.9\"},\"image\":{\"@id\":\"https:\/\/escuderiagranada49-9.com\/#\/schema\/logo\/image\/\"},\"sameAs\":[\"https:\/\/www.facebook.com\/escuderiagranada49.9\/?locale=es_ES\",\"https:\/\/x.com\/EscGranada499\",\"https:\/\/www.instagram.com\/escuderiagranada49.9\/?hl=es\",\"https:\/\/www.youtube.com\/@clubdeportivoescuderiagrana499\"]}]}<\/script>\n<!-- \/ Yoast SEO plugin. -->","yoast_head_json":{"title":"RALLEY PRIMERAS NIEVES - EscuderiaGranada49.9","description":"EscuderiaGranada49.9 - RALLEY PRIMERAS NIEVES - Conoce m\u00e1s sobre nuestro Ralley primeras nieves donde podr\u00e1s informarte m\u00e1s al respecto.","robots":{"index":"index","follow":"follow","max-snippet":"max-snippet:-1","max-image-preview":"max-image-preview:large","max-video-preview":"max-video-preview:-1"},"canonical":"https:\/\/escuderiagranada49-9.com\/ralley-primeras-nieves\/","og_locale":"es_ES","og_type":"article","og_title":"RALLEY PRIMERAS NIEVES - EscuderiaGranada49.9","og_description":"EscuderiaGranada49.9 - RALLEY PRIMERAS NIEVES - Conoce m\u00e1s sobre nuestro Ralley primeras nieves donde podr\u00e1s informarte m\u00e1s al respecto.","og_url":"https:\/\/escuderiagranada49-9.com\/ralley-primeras-nieves\/","og_site_name":"EscuderiaGranada49.9","article_publisher":"https:\/\/www.facebook.com\/escuderiagranada49.9\/?locale=es_ES","article_modified_time":"2023-06-12T11:28:25+00:00","og_image":[{"url":"http:\/\/escuderiagranada49-9.com\/wp-content\/uploads\/2023\/05\/logo-club-escuderia-con-letras-2-1.png","type":"","width":"","height":""}],"twitter_card":"summary_large_image","twitter_site":"@EscGranada499","twitter_misc":{"Tiempo de lectura":"1 minuto"},"schema":{"@context":"https:\/\/schema.org","@graph":[{"@type":"WebPage","@id":"https:\/\/escuderiagranada49-9.com\/ralley-primeras-nieves\/","url":"https:\/\/escuderiagranada49-9.com\/ralley-primeras-nieves\/","name":"RALLEY PRIMERAS NIEVES - EscuderiaGranada49.9","isPartOf":{"@id":"https:\/\/escuderiagranada49-9.com\/#website"},"primaryImageOfPage":{"@id":"https:\/\/escuderiagranada49-9.com\/ralley-primeras-nieves\/#primaryimage"},"image":{"@id":"https:\/\/escuderiagranada49-9.com\/ralley-primeras-nieves\/#primaryimage"},"thumbnailUrl":"http:\/\/escuderiagranada49-9.com\/wp-content\/uploads\/2023\/05\/logo-club-escuderia-con-letras-2-1.png","datePublished":"2023-06-02T12:11:13+00:00","dateModified":"2023-06-12T11:28:25+00:00","description":"EscuderiaGranada49.9 - RALLEY PRIMERAS NIEVES - Conoce m\u00e1s sobre nuestro Ralley primeras nieves donde podr\u00e1s informarte m\u00e1s al respecto.","breadcrumb":{"@id":"https:\/\/escuderiagranada49-9.com\/ralley-primeras-nieves\/#breadcrumb"},"inLanguage":"es","potentialAction":[{"@type":"ReadAction","target":["https:\/\/escuderiagranada49-9.com\/ralley-primeras-nieves\/"]}]},{"@type":"ImageObject","inLanguage":"es","@id":"https:\/\/escuderiagranada49-9.com\/ralley-primeras-nieves\/#primaryimage","url":"https:\/\/escuderiagranada49-9.com\/wp-content\/uploads\/2023\/05\/logo-club-escuderia-con-letras-2-1.png","contentUrl":"https:\/\/escuderiagranada49-9.com\/wp-content\/uploads\/2023\/05\/logo-club-escuderia-con-letras-2-1.png","width":462,"height":80},{"@type":"BreadcrumbList","@id":"https:\/\/escuderiagranada49-9.com\/ralley-primeras-nieves\/#breadcrumb","itemListElement":[{"@type":"ListItem","position":1,"name":"Portada","item":"https:\/\/escuderiagranada49-9.com\/"},{"@type":"ListItem","position":2,"name":"RALLEY PRIMERAS NIEVES"}]},{"@type":"WebSite","@id":"https:\/\/escuderiagranada49-9.com\/#website","url":"https:\/\/escuderiagranada49-9.com\/","name":"EscuderiaGranada49.9","description":"EscuderiaGranada49.9","publisher":{"@id":"https:\/\/escuderiagranada49-9.com\/#organization"},"potentialAction":[{"@type":"SearchAction","target":{"@type":"EntryPoint","urlTemplate":"https:\/\/escuderiagranada49-9.com\/?s={search_term_string}"},"query-input":{"@type":"PropertyValueSpecification","valueRequired":true,"valueName":"search_term_string"}}],"inLanguage":"es"},{"@type":"Organization","@id":"https:\/\/escuderiagranada49-9.com\/#organization","name":"EscuderiaGranada49.9","url":"https:\/\/escuderiagranada49-9.com\/","logo":{"@type":"ImageObject","inLanguage":"es","@id":"https:\/\/escuderiagranada49-9.com\/#\/schema\/logo\/image\/","url":"https:\/\/escuderiagranada49-9.com\/wp-content\/uploads\/2024\/09\/LOGO-ESCUDERIA.png","contentUrl":"https:\/\/escuderiagranada49-9.com\/wp-content\/uploads\/2024\/09\/LOGO-ESCUDERIA.png","width":496,"height":117,"caption":"EscuderiaGranada49.9"},"image":{"@id":"https:\/\/escuderiagranada49-9.com\/#\/schema\/logo\/image\/"},"sameAs":["https:\/\/www.facebook.com\/escuderiagranada49.9\/?locale=es_ES","https:\/\/x.com\/EscGranada499","https:\/\/www.instagram.com\/escuderiagranada49.9\/?hl=es","https:\/\/www.youtube.com\/@clubdeportivoescuderiagrana499"]}]}},"_links":{"self":[{"href":"https:\/\/escuderiagranada49-9.com\/wp-json\/wp\/v2\/pages\/584","targetHints":{"allow":["GET"]}}],"collection":[{"href":"https:\/\/escuderiagranada49-9.com\/wp-json\/wp\/v2\/pages"}],"about":[{"href":"https:\/\/escuderiagranada49-9.com\/wp-json\/wp\/v2\/types\/page"}],"author":[{"embeddable":true,"href":"https:\/\/escuderiagranada49-9.com\/wp-json\/wp\/v2\/users\/2"}],"replies":[{"embeddable":true,"href":"https:\/\/escuderiagranada49-9.com\/wp-json\/wp\/v2\/comments?post=584"}],"version-history":[{"count":9,"href":"https:\/\/escuderiagranada49-9.com\/wp-json\/wp\/v2\/pages\/584\/revisions"}],"predecessor-version":[{"id":719,"href":"https:\/\/escuderiagranada49-9.com\/wp-json\/wp\/v2\/pages\/584\/revisions\/719"}],"wp:attachment":[{"href":"https:\/\/escuderiagranada49-9.com\/wp-json\/wp\/v2\/media?parent=584"}],"curies":[{"name":"wp","href":"https:\/\/api.w.org\/{rel}","templated":true}]}}